332750755?
-332750761
In base 4, what is -1111202330201 - 10?
-1111202330211
In base 7, what is -3304203 + 15?
-3304155
In base 4, what is 13322100031 - -2210?
13322102301
In base 3, what is 112112 + -1100002200?
-1022120011
In base 15, what is -c - 7b212b?
-7b2138
In base 8, what is 402 - 462767?
-462365
In base 9, what is -253 + 32506?
32243
In base 7, what is -564205 - 162?
-564400
In base 6, what is 453352 + 1024?
454420
In base 2, what is -11000110001001001111100101 + -100?
-11000110001001001111101001
In base 8, what is -33113032 + -2?
-33113034
In base 2, what is 111001011011 + -10100100010?
100100111001
In base 2, what is -1010111111110000001111010 + 0?
-1010111111110000001111010
In base 5, what is 10124 + 421412?
432041
In base 7, what is 333233111 + 0?
333233111
In base 9, what is 507 + -70235?
-68627
In base 13, what is 1a4a32 + -b8?
1a4947
In base 16, what is 9 - ba37e8?
-ba37df
In base 10, what is 33 + 15093?
15126
In base 14, what is 29 - a38283?
-a38258
In base 13, what is 11b64827 + 0?
11b64827
In base 3, what is -112101011021210 + 2001?
-112101011012202
In base 12, what is -6 + 152281?
152277
In base 3, what is -101002100120 - -1001?
-101002022112
In base 8, what is 2 - 2635511?
-2635507
In base 11, what is -4470 - 199?
-4659
In base 15, what is 1798 - -3567?
4d10
In base 8, what is 451375456 - 3?
451375453
In base 15, what is -c - -ded55e?
ded552
In base 10, what is 1167735 - 6?
1167729
In base 13, what is a8 - -4a243?
4a31b
In base 8, what is -2 - 7555577?
-7555601
In base 6, what is 3 + 1035004112?
1035004115
In base 2, what is -1010111 + 101000000110011010101?
101000000110001111110
In base 2, what is 110110010111001111110001000 + 101?
110110010111001111110001101
In base 4, what is 1301232 + 12202?
1320100
In base 4, what is -211202000 + -13311?
-211221311
In base 11, what is 18a53 - 117?
18937
In base 13, what is 6a5885 - 39?
6a5849
In base 7, what is -14 + -212461?
-212505
In base 7, what is -5 + 24542045?
24542040
In base 10, what is 5805 + -48569?
-42764
In base 8, what is 75753 + 532?
76505
In base 3, what is 1210110 + -2001012?
-20202
In base 16, what is -24d6e + 281?
-24aed
In base 14, what is -101 - -61290?
6118d
In base 12, what is 686 - 1421?
-957
In base 4, what is 20102 + -1100330?
-1020222
In base 3, what is -11 - -10222221001201?
10222221001120
In base 14, what is -d + -159181?
-159190
In base 13, what is -1564b72 - -5?
-1564b6a
In base 6, what is -225430321 + 4?
-225430313
In base 11, what is -138 - -193a1?
19264
In base 3, what is -1121202212 + -12202020?
-1211112002
In base 3, what is 11022 + 2122210120?
2122221212
In base 9, what is 58 + -236481?
-236422
In base 4, what is -1020310 + 1020202?
-102
In base 14, what is a820b - 7?
a8204
In base 16, what is edd - 12f40?
-12063
In base 12, what is 46b8b7 + 6?
46b901
In base 2, what is 10000010001111010011100 + -11?
10000010001111010011001
In base 13, what is 4 + 2cb9471?
2cb9475
In base 10, what is 16 + -229421?
-229405
In base 11, what is -676aa1a + 65?
-676a965
In base 4, what is 201 + -110033210?
-110033003
In base 14, what is -18d9c3 - -228?
-18d799
In base 13, what is aa + -1318ab?
-131801
In base 9, what is 2364724 - -3?
2364727
In base 12, what is -1 - -2136590?
213658b
In base 6, what is 3 + 311132013?
311132020
In base 13, what is -3459c4 - -71?
-345953
In base 3, what is -11220201002101211 + 2?
-11220201002101202
In base 4, what is 3 - -210332033332?
210332100001
In base 7, what is -30420553 - -41?
-30420512
In base 5, what is -210201442 - 1022?
-210203014
In base 14, what is 27d06c6 + -5?
27d06c1
In base 9, what is -12171337 + 2?
-12171335
In base 6, what is -1 + -1201440345?
-1201440350
In base 2, what is 100 + 100011101111111110010?
100011101111111110110
In base 15, what is 1084e46 + 0?
1084e46
In base 7, what is -255033051 + -26?
-255033110
In base 11, what is 2 + -1776a941?
-1776a93a
In base 9, what is 37434 - 17060?
20364
In base 14, what is 619b9 + -1c?
6199b
In base 4, what is -23 - 2022332011?
-2022332100
In base 11, what is -5564a5 - 6a?
-556564
In base 15, what is -b058a - 2?
-b058c
In base 10, what is -8 - 5701886?
-5701894
In base 5, what is -41000004411 - -1?
-41000004410
In base 2, what is -11110100000110001111001011 + -1011?
-11110100000110001111010110
In base 13, what is -34a - -2581b5?
257b68
In base 2, what is -1010111011001010010100 - 100011?
-1010111011001010110111
In base 6, what is 504051135222 + 1?
504051135223
In base 11, what is -23212 - 63a4?
-29606
In base 11, what is 24a + -441a2?
-43a53
In base 3, what is -221102 + -2201100?
-10122202
In base 4, what is -32030103313210 - 10?
-32030103313220
In base 7, what is -2163662 - 25?
-2164020
In base 9, what is -2260 + -33185?
-35455
In base 7, what is 3646131 - 1?
3646130
In base 13, what is 13a8acb + 30?
13a8b2b
In base 14, what is 486c55 - 27?
486c2c
In base 13, what is -3 - -1162c67?
1162c64
In base 15, what is 1 - -169566ce?
169566d0
In base 13, what is b - -209788?
209796
In base 3, what is -22202201201 + 1?
-22202201200
In base 11, what is -19 + -1671aa6?
-1672014
In base 11, what is 2a - 139626?
-1395a7
In base 7, what is -4342 + 116440?
112065
In base 14, what is da7adc - 3b?
da7aa1
In base 16, what is 0 + -116401a?
-116401a
In base 3, what is 120201120210 - 211210?
120200202000
In base 4, what is -20112 + -301122103?
-301202221
In base 2, what is -1100000110001011110000 + 1110100?
-1100000110001001111100
In base 12, what is 1a084 - 836?
1944a
In base 13, what is 220c6c7 + -5?
220c6c2
In base 12, what is 20 - 111402?
-1113a2
In base 11, what is -6 + -10476a2?
-10476a8
In base 4, what is -11 + -1220232111332?
-1220232112003
In base 4, what is 11010023302 - -11?
11010023313
In base 3, what is -21101200 + 111210001?
20101101
In base 16, what is -1235fb - b5?
-1236b0
In base 11, what is -28 + -4791a23?
-4791a50
In base 13, what is 59 + 3bba79?
3bbb05
In base 15, what is -116647 + 20b?
-11643b
In base 13, what is -1 - 139495?
-139496
In base 10, what is -2977 + -64?
-3041
In base 12, what is -2b7994 + 15?
-2b797b
In base 9, what is 15 - -2373382?
2373407
In base 8, what is -106225 - -55142?
-31063
In base 9, what is 27204 - 651?
26443
In base 10, what is 71939 + 480?
72419
In base 15, what is -29972d0 - 0?
-29972d0
In base 13, what is 3 + -1c5c521?
-1c5c51b
In base 8, what is 265072 - -1066?
266160
In base 14, what is -3 - -23c6a4b?
23c6a48
In base 3, what is -121111222022120 - 10?
-121111222022200
In base 5, what is -1231112014 - -10?
-1231112004
In base 5, what is 3 - 2030213103?
-2030213100
In base 11, what is 5 - -20313137?
20313141
In base 8, what is -1 + -3067772?
-3067773
In base 3, what is -10012 - -22121112001?
22121101212
In base 7, what is 300152551 - 1?
300152550
In base 6, what is -4 + -141201324?
-141201332
In base 11, what is -286 - -15a0?
1315
In base 13, what is -2a4151 - -18?
-2a4136
In base 6, what is -345121 + -233134?
-1022255
In base 9, what is -34545548 + 1?
-34545547
In base 4, what is 22013 - 12100203011?
-12100120332
In base 6, what is 31240110 - 20?
31240050
In base 4, what is -1211103321 + 3102?
-1211100213
In base 5, what is -301042140034 - -2?
-301042140032
In base 3, what is -10010120100202 + 20?
-10010120100112
In base 12, what is -406 + -2639?
-2a43
In base 14, what is cc42b2 + -3?
cc42ad
In base 10, what is 361 + -7391?
-7030
In base 7, what is 464 + -1333625?
-1333131
In base 7, what is -11411026 + -32?
-11411061
In base 5, what is -1 + -144334132221?
-144334132222
In base 5, what is 30213 - 41021?
-10303
In base 3, what is 100220200200 + -20000?
100220110200
In base 8, what is 57064 - -35?
57121
In base 6, what is 2253 + -1120134?
-1113441
In base 3, what is 220011212021102 - -110?
220011212021212
In base 15, what is -49bea - 116?
-49d11
In base 16, what is -d + -15d5ba?
-15d5c7
In base 4, what is -301 + -10131320312?
-10131321213
In base 15, what is 1c4b2e2e - 3?
1c4b2e2b
In base 4, what is 13001 - -33133310?
33212311
In base 5, what is 343403 - 1240?
342113
In base 12, what is 51a - 2927?
-2409
In base 3, what is 120102110110221110 + -12?
120102110110221021
In base 16, what is -16e - 1f77?
-20e5
In base 5, what is -3 + -232124003243?
-232124003301
In base 16, what is -5c4 - 9d07?
-a2cb
In base 15, what is b74a34 - 1?
b74a33
In base 4, w